nd 17766.
63
Calculate the highest common divisor of 456 and 2109.
57
Calculate the highest common divisor of 3573 and 9099.
9
What is the highest common factor of 967 and 1248397?
967
What is the highest common factor of 495 and 282060?
45
What is the highest common factor of 1121 and 608?
19
Calculate the highest common divisor of 18 and 362601.
9
Calculate the greatest common divisor of 2205 and 8055.
45
What is the greatest common divisor of 30 and 33170?
10
What is the highest common divisor of 7397 and 1469?
13
What is the greatest common divisor of 1209 and 2604?
93
What is the highest common factor of 266 and 4998?
14
Calculate the greatest common factor of 27081 and 3774.
51
Calculate the highest common divisor of 737 and 4000436.
737
What is the greatest common divisor of 309 and 309?
309
What is the highest common divisor of 192758 and 124?
62
What is the greatest common divisor of 198 and 451154?
22
What is the greatest common divisor of 4425 and 2400?
75
Calculate the highest common divisor of 242490 and 7398.
822
Calculate the greatest common divisor of 42483 and 1050.
21
Calculate the greatest common factor of 987 and 567.
21
Calculate the highest common divisor of 2300 and 1472.
92
Calculate the highest common factor of 8 and 9112816.
8
What is the greatest common divisor of 1129392 and 496?
496
What is the highest common factor of 762 and 10470?
6
What is the greatest common divisor of 4054878 and 47?
47
Calculate the highest common factor of 33 and 990429.
33
What is the greatest common divisor of 11147 and 13973?
157
What is the highest common factor of 256032 and 114?
6
Calculate the greatest common divisor of 64208 and 16.
16
What is the greatest common divisor of 8265 and 96?
3
What is the highest common factor of 944 and 30608?
16
Calculate the highest common divisor of 5888 and 1978.
46
What is the greatest common factor of 970 and 834685?
485
Calculate the greatest common divisor of 2 and 39152.
2
Calculate the greatest common divisor of 114 and 2907.
57
Calculate the greatest common divisor of 942 and 3411453.
471
Calculate the highest common divisor of 145965 and 4440.
555
Calculate the greatest common factor of 2754 and 324.
162
What is the greatest common divisor of 849 and 2662181?
283
Calculate the highest common factor of 81 and 5202.
9
Calculate the greatest common divisor of 21105 and 735.
105
Calculate the greatest common factor of 84 and 977700.
12
What is the greatest common divisor of 2046 and 7062?
66
What is the highest common factor of 48 and 2774472?
24
Calculate the greatest common divisor of 96071 and 46.
23
Calculate the greatest common factor of 56004 and 179500.
1436
Calculate the greatest common factor of 520608 and 136.
136
What is the greatest common divisor of 24 and 7537800?
24
Calculate the greatest common factor of 5259 and 2547109.
1753
Calculate the highest common factor of 37468 and 14212.
1292
Calculate the greatest common factor of 1260 and 6066.
18
What is the highest common divisor of 441347 and 589?
31
What is the highest common factor of 274 and 98503?
137
What is the greatest common divisor of 1654 and 439137?
827
Calculate the greatest common divisor of 13181 and 2421.
269
What is the greatest common factor of 637 and 9751?
49
What is the greatest common divisor of 7029 and 46647?
639
Calculate the greatest common factor of 8976 and 3927.
561
Calculate the highest common divisor of 6400 and 5888.
256
Calculate the highest common factor of 18 and 16636.
2
What is the greatest common divisor of 10386 and 2304?
18
Calculate the greatest common factor of 16740 and 255960.
540
What is the greatest common factor of 2948 and 35156?
44
Calculate the highest common divisor of 226 and 185546.
226
What is the highest common factor of 1422 and 2291?
79
What is the highest common divisor of 276 and 23368?
92
What is the greatest common divisor of 637 and 517517?
91
What is the greatest common factor of 57 and 5160?
3
What is the highest common divisor of 8 and 108188?
4
Calculate the greatest common divisor of 12616 and 92296.
664
What is the greatest common factor of 27783 and 12?
3
What is the highest common divisor of 40658 and 13319?
701
What is the highest common divisor of 3250 and 23270?
130
Calculate the greatest common factor of 179 and 424588.
179
What is the greatest common divisor of 4097582 and 2122?
2122
What is the highest common factor of 2938 and 57065?
113
What is the greatest common divisor of 18 and 17406?
18
Calculate the highest common factor of 37687 and 2230.
223
Calculate the highest common factor of 10759 and 2639.
203
Calculate the highest common factor of 63693 and 2079.
189
Calculate the highest common divisor of 5292 and 46788.
84
What is the highest common factor of 2185 and 644?
23
Calculate the greatest common factor of 528 and 266376.
264
Calculate the highest common divisor of 18 and 407493.
9
Calculate the highest common factor of 218160 and 4200.
120
What is the highest common divisor of 1722 and 20946?
6
Calculate the highest common factor of 21338 and 4994.
454
Calculate the greatest common factor of 386284 and 538.
538
What is the greatest common divisor of 21 and 558255?
3
Calculate the highest common factor of 8 and 582.
2
Calculate the highest common divisor of 63738 and 90.
18
Calculate the greatest common factor of 1416 and 60062.
118
What is the highest common divisor of 261 and 4968?
9
Calculate the greatest common divisor of 112 and 23888.
16
What is the highest common factor of 1664 and 281984?
128
Calculate the highest common divisor of 48 and 560.
16
Calculate the highest common divisor of 13860 and 14.
14
What is the highest common factor of 5888 and 161280?
256
What is the greatest common divisor of 96554 and 4922?
46
Calculate the greatest common divisor of 1424 and 22592.
16
Calculate the highest common divisor of 29940 and 735.
15
Calculate the highest common divisor of 178260 and 300.
60
Calculate the greatest common factor of 18164688 and 1784.
1784
Calculate the greatest common factor of 22089268 and 3062.
3062
Calculate the greatest common factor of 2702 and 98.
14
What is the highest common divisor of 4556265 and 98?
49
What is the greatest common factor of 1105918 and 748?
374
Calculate the highest common factor of 1045 and 13376.
209
What is the highest common divisor of 93 and 217465?
31
Calculate the greatest common factor of 120 and 10296.
24
What is the greatest common divisor of 2032 and 3098292?
508
Calculate the greatest common divisor of 177738 and 55.
11
Calculate the greatest common divisor of 135269 and 146.
73
Calculate the greatest common factor of 6481 and 2.
1
Calculate the greatest common divisor of 7708 and 249444.
164
What is the greatest common factor of 11800 and 12685?
295
Calculate the highest common divisor of 99796 and 2196.
244
What is the greatest common divisor of 4070 and 1886038?
814
What is the greatest common divisor of 115578 and 342?
18
What is the greatest common factor of 845457 and 414?
69
Calculate the highest common factor of 2 and 7083.
1
Calculate the highest common factor of 1915463 and 113.
113
What is the greatest common divisor of 15254 and 609?
29
What is the highest common divisor of 30 and 532410?
30
What is the highest common divisor of 144 and 185076?
36
What is the highest common divisor of 3204 and 40536?
36
Calculate the highest common factor of 3996 and 3481404.
444
What is the highest common factor of 378 and 129006?
54
Calculate the highest common divisor of 30 and 327710.
10
Calculate the highest common divisor of 6252 and 2532.
12
Calculate the greatest common factor of 25498 and 244.
122
What is the highest common factor of 44085 and 90?
15
What is the greatest common divisor of 2852 and 26220?
92
Calculate the highest common factor of 111615 and 210.
105
Calculate the highest common factor of 333 and 5.
1
What is the greatest common factor of 303640 and 440?
40
Calculate the greatest common factor of 46 and 72174.
46
What is the highest common factor of 1256 and 17113?
157
Calculate the greatest common divisor of 203047 and 130.
13
What is the highest common divisor of 636 and 37100?
212
Calculate the highest common factor of 8192 and 6.
2
What is the highest common d